{"id":6,"date":"2009-07-13T09:45:41","date_gmt":"2009-07-13T16:45:41","guid":{"rendered":"http:\/\/www.nsa.edu.pe\/?page_id=6"},"modified":"2018-03-06T11:44:30","modified_gmt":"2018-03-06T16:44:30","slug":"promotora","status":"publish","type":"page","link":"https:\/\/www.nsa.edu.pe\/beta2\/quienes-somos\/promotora","title":{"rendered":"Promotor\u00eda"},"content":{"rendered":"<p>Somos un grupo de docentes egresados de prestigiosas universidades del pa\u00eds, con gran esp\u00edritu de servicio a la ni\u00f1ez y juventud,\u00a0buscando formar hombres integros, capaces, creativos, justos y solidarios.<\/p>\n<p>Preside el Directorio el\u00a0 Sr. Andres Lopez Acero.<\/p>\n<p>Profesor de Ciencias Sociales de la Pontificia Universidad Cat\u00f3lica.<br \/>\nEstudios de Doctorado en Educaci\u00f3n \u2013\u00a0de la Pontificia Universidad Cat\u00f3lica.<br \/>\nEstudios de Derecho y ciencias Pol\u00edticas\u00a0de la Pontificia Universidad Cat\u00f3lica.<\/p>\n","protected":false},"excerpt":{"rendered":"<p>Somos un grupo de docentes egresados de prestigiosas universidades del pa\u00eds, con gran esp\u00edritu de servicio a la ni\u00f1ez y juventud,\u00a0buscando formar hombres integros, capaces, creativos, justos y solidarios. Preside el Directorio el\u00a0 Sr. Andres Lopez Acero. Profesor de Ciencias Sociales de la Pontificia Universidad Cat\u00f3lica. Estudios de Doctorado en Educaci\u00f3n \u2013\u00a0de la Pontificia Universidad &hellip; <a href=\"https:\/\/www.nsa.edu.pe\/beta2\/quienes-somos\/promotora\">Continue reading <span class=\"meta-nav\">&rarr;<\/span><\/a><\/p>\n","protected":false},"author":1,"featured_media":0,"parent":3,"menu_order":0,"comment_status":"closed","ping_status":"closed","template":"","meta":{"footnotes":""},"class_list":["post-6","page","type-page","status-publish","hentry"],"_links":{"self":[{"href":"https:\/\/www.nsa.edu.pe\/beta2\/wp-json\/wp\/v2\/pages\/6","targetHints":{"allow":["GET"]}}],"collection":[{"href":"https:\/\/www.nsa.edu.pe\/beta2\/wp-json\/wp\/v2\/pages"}],"about":[{"href":"https:\/\/www.nsa.edu.pe\/beta2\/wp-json\/wp\/v2\/types\/page"}],"author":[{"embeddable":true,"href":"https:\/\/www.nsa.edu.pe\/beta2\/wp-json\/wp\/v2\/users\/1"}],"replies":[{"embeddable":true,"href":"https:\/\/www.nsa.edu.pe\/beta2\/wp-json\/wp\/v2\/comments?post=6"}],"version-history":[{"count":10,"href":"https:\/\/www.nsa.edu.pe\/beta2\/wp-json\/wp\/v2\/pages\/6\/revisions"}],"predecessor-version":[{"id":925,"href":"https:\/\/www.nsa.edu.pe\/beta2\/wp-json\/wp\/v2\/pages\/6\/revisions\/925"}],"up":[{"embeddable":true,"href":"https:\/\/www.nsa.edu.pe\/beta2\/wp-json\/wp\/v2\/pages\/3"}],"wp:attachment":[{"href":"https:\/\/www.nsa.edu.pe\/beta2\/wp-json\/wp\/v2\/media?parent=6"}],"curies":[{"name":"wp","href":"https:\/\/api.w.org\/{rel}","templated":true}]}}