{"id":49,"date":"2009-07-13T09:52:16","date_gmt":"2009-07-13T16:52:16","guid":{"rendered":"http:\/\/www.nsa.edu.pe\/?page_id=49"},"modified":"2009-09-04T10:15:42","modified_gmt":"2009-09-04T15:15:42","slug":"biblioteca","status":"publish","type":"page","link":"https:\/\/www.nsa.edu.pe\/beta2\/vida-escolar\/biblioteca","title":{"rendered":"Biblioteca"},"content":{"rendered":"<p>Contamos con una Biblioteca equipada con libros y manuales actualizados de todas las \u00e1reas, adem\u00e1s de videos y CDs educativos.<\/p>\n<p>El horario de atenci\u00f3n es desde las 8:00 a.m. hasta las 6:00 p.m. y est\u00e1 atendido por nuestro profesor Fortunato Trejo.<\/p>\n<p style=\"text-align: center;\"><a href=\"http:\/\/www.nsa.edu.pe\/wp-content\/uploads\/2009\/07\/DSC099641.JPG\"><img loading=\"lazy\" decoding=\"async\" class=\"size-medium wp-image-258 alignnone\" title=\"DSC09964\" src=\"http:\/\/www.nsa.edu.pe\/wp-content\/uploads\/2009\/07\/DSC099641-300x225.jpg\" alt=\"DSC09964\" width=\"300\" height=\"225\" srcset=\"https:\/\/www.nsa.edu.pe\/beta2\/wp-content\/uploads\/2009\/07\/DSC099641-300x225.jpg 300w, https:\/\/www.nsa.edu.pe\/beta2\/wp-content\/uploads\/2009\/07\/DSC099641-1024x768.jpg 1024w, https:\/\/www.nsa.edu.pe\/beta2\/wp-content\/uploads\/2009\/07\/DSC099641.JPG 1280w\" sizes=\"auto, (max-width: 300px) 100vw, 300px\" \/><\/a><\/p>\n","protected":false},"excerpt":{"rendered":"<p>Contamos con una Biblioteca equipada con libros y manuales actualizados de todas las \u00e1reas, adem\u00e1s de videos y CDs educativos. El horario de atenci\u00f3n es desde las 8:00 a.m. hasta las 6:00 p.m. y est\u00e1 atendido por nuestro profesor Fortunato Trejo.<\/p>\n","protected":false},"author":1,"featured_media":0,"parent":72,"menu_order":0,"comment_status":"closed","ping_status":"closed","template":"","meta":{"footnotes":""},"class_list":["post-49","page","type-page","status-publish","hentry"],"_links":{"self":[{"href":"https:\/\/www.nsa.edu.pe\/beta2\/wp-json\/wp\/v2\/pages\/49","targetHints":{"allow":["GET"]}}],"collection":[{"href":"https:\/\/www.nsa.edu.pe\/beta2\/wp-json\/wp\/v2\/pages"}],"about":[{"href":"https:\/\/www.nsa.edu.pe\/beta2\/wp-json\/wp\/v2\/types\/page"}],"author":[{"embeddable":true,"href":"https:\/\/www.nsa.edu.pe\/beta2\/wp-json\/wp\/v2\/users\/1"}],"replies":[{"embeddable":true,"href":"https:\/\/www.nsa.edu.pe\/beta2\/wp-json\/wp\/v2\/comments?post=49"}],"version-history":[{"count":4,"href":"https:\/\/www.nsa.edu.pe\/beta2\/wp-json\/wp\/v2\/pages\/49\/revisions"}],"predecessor-version":[{"id":256,"href":"https:\/\/www.nsa.edu.pe\/beta2\/wp-json\/wp\/v2\/pages\/49\/revisions\/256"}],"up":[{"embeddable":true,"href":"https:\/\/www.nsa.edu.pe\/beta2\/wp-json\/wp\/v2\/pages\/72"}],"wp:attachment":[{"href":"https:\/\/www.nsa.edu.pe\/beta2\/wp-json\/wp\/v2\/media?parent=49"}],"curies":[{"name":"wp","href":"https:\/\/api.w.org\/{rel}","templated":true}]}}