{"id":147,"date":"2009-08-18T12:54:04","date_gmt":"2009-08-18T17:54:04","guid":{"rendered":"http:\/\/www.nsa.edu.pe\/inicio"},"modified":"2020-10-14T09:50:40","modified_gmt":"2020-10-14T14:50:40","slug":"inicio","status":"publish","type":"page","link":"https:\/\/www.nsa.edu.pe\/beta2\/","title":{"rendered":"Bienvenidos"},"content":{"rendered":"\n<figure class=\"wp-block-image size-large\"><a href=\"http:\/\/www.nsa.edu.pe\/admision-2021\"><img loading=\"lazy\" decoding=\"async\" width=\"445\" height=\"128\" src=\"http:\/\/www.nsa.edu.pe\/wp-content\/uploads\/2020\/06\/matricula_abierta.png\" alt=\"\" class=\"wp-image-1352\" srcset=\"https:\/\/www.nsa.edu.pe\/beta2\/wp-content\/uploads\/2020\/06\/matricula_abierta.png 445w, https:\/\/www.nsa.edu.pe\/beta2\/wp-content\/uploads\/2020\/06\/matricula_abierta-300x86.png 300w\" sizes=\"auto, (max-width: 445px) 100vw, 445px\" \/><\/a><\/figure>\n\n\n<p style=\"text-align: left;\">Les damos una fraternal bienvenida a todos los que desean formar parte de esta gran familia asuntina, en ella encontrar\u00e1s amor, alegr\u00eda, libertad, respeto y responsabilidad.<\/p>\n<p style=\"text-align: left;\">Queremos contagiarte nuestro entusiasmo de ser cada d\u00eda mejores, dejando de lado todo negativismo, comprometi\u00e9ndonos a trabajar con fervor, humildad y creatividad.<\/p>\n\n\n<div class=\"wp-block-jetpack-slideshow aligncenter\" data-effect=\"slide\"><div class=\"wp-block-jetpack-slideshow_container swiper-container\"><ul class=\"wp-block-jetpack-slideshow_swiper-wrapper swiper-wrapper\"><li class=\"wp-block-jetpack-slideshow_slide swiper-slide\"><figure><img loading=\"lazy\" decoding=\"async\" width=\"1024\" height=\"768\" alt=\"\" class=\"wp-block-jetpack-slideshow_image wp-image-884\" data-id=\"884\" src=\"http:\/\/www.nsa.edu.pe\/wp-content\/uploads\/2009\/07\/Papel-Tapiz-1024x768-1024x768.jpg\" srcset=\"https:\/\/www.nsa.edu.pe\/beta2\/wp-content\/uploads\/2009\/07\/Papel-Tapiz-1024x768.jpg 1024w, https:\/\/www.nsa.edu.pe\/beta2\/wp-content\/uploads\/2009\/07\/Papel-Tapiz-1024x768-300x225.jpg 300w, https:\/\/www.nsa.edu.pe\/beta2\/wp-content\/uploads\/2009\/07\/Papel-Tapiz-1024x768-768x576.jpg 768w\" sizes=\"auto, (max-width: 1024px) 100vw, 1024px\" \/><\/figure><\/li><li class=\"wp-block-jetpack-slideshow_slide swiper-slide\"><figure><img loading=\"lazy\" decoding=\"async\" width=\"1024\" height=\"731\" alt=\"\" class=\"wp-block-jetpack-slideshow_image wp-image-1253\" data-id=\"1253\" src=\"http:\/\/www.nsa.edu.pe\/wp-content\/uploads\/2020\/04\/15x21-1024x731.jpg\" srcset=\"https:\/\/www.nsa.edu.pe\/beta2\/wp-content\/uploads\/2020\/04\/15x21-1024x731.jpg 1024w, https:\/\/www.nsa.edu.pe\/beta2\/wp-content\/uploads\/2020\/04\/15x21-300x214.jpg 300w, https:\/\/www.nsa.edu.pe\/beta2\/wp-content\/uploads\/2020\/04\/15x21-768x549.jpg 768w, https:\/\/www.nsa.edu.pe\/beta2\/wp-content\/uploads\/2020\/04\/15x21-1536x1097.jpg 1536w, https:\/\/www.nsa.edu.pe\/beta2\/wp-content\/uploads\/2020\/04\/15x21-2048x1463.jpg 2048w\" sizes=\"auto, (max-width: 1024px) 100vw, 1024px\" \/><\/figure><\/li><li class=\"wp-block-jetpack-slideshow_slide swiper-slide\"><figure><img loading=\"lazy\" decoding=\"async\" width=\"1024\" height=\"690\" alt=\"\" class=\"wp-block-jetpack-slideshow_image wp-image-1008\" data-id=\"1008\" src=\"http:\/\/www.nsa.edu.pe\/wp-content\/uploads\/2018\/04\/WhatsApp-Image-2018-04-02-at-1.35.15-PM-1024x690.jpeg\" srcset=\"https:\/\/www.nsa.edu.pe\/beta2\/wp-content\/uploads\/2018\/04\/WhatsApp-Image-2018-04-02-at-1.35.15-PM-1024x690.jpeg 1024w, https:\/\/www.nsa.edu.pe\/beta2\/wp-content\/uploads\/2018\/04\/WhatsApp-Image-2018-04-02-at-1.35.15-PM-300x202.jpeg 300w, https:\/\/www.nsa.edu.pe\/beta2\/wp-content\/uploads\/2018\/04\/WhatsApp-Image-2018-04-02-at-1.35.15-PM-768x517.jpeg 768w, https:\/\/www.nsa.edu.pe\/beta2\/wp-content\/uploads\/2018\/04\/WhatsApp-Image-2018-04-02-at-1.35.15-PM-75x50.jpeg 75w, https:\/\/www.nsa.edu.pe\/beta2\/wp-content\/uploads\/2018\/04\/WhatsApp-Image-2018-04-02-at-1.35.15-PM.jpeg 1069w\" sizes=\"auto, (max-width: 1024px) 100vw, 1024px\" \/><\/figure><\/li><\/ul><a class=\"wp-block-jetpack-slideshow_button-prev swiper-button-prev swiper-button-white\" role=\"button\"><\/a><a class=\"wp-block-jetpack-slideshow_button-next swiper-button-next swiper-button-white\" role=\"button\"><\/a><a aria-label=\"Pause Slideshow\" class=\"wp-block-jetpack-slideshow_button-pause\" role=\"button\"><\/a><div class=\"wp-block-jetpack-slideshow_pagination swiper-pagination swiper-pagination-white\"><\/div><\/div><\/div>\n\n\n\n<p><\/p>\n","protected":false},"excerpt":{"rendered":"<p>Les damos una fraternal bienvenida a todos los que desean formar parte de esta gran familia asuntina, en ella encontrar\u00e1s amor, alegr\u00eda, libertad, respeto y responsabilidad. Queremos contagiarte nuestro entusiasmo de ser cada d\u00eda mejores, dejando de lado todo negativismo, comprometi\u00e9ndonos a trabajar con fervor, humildad y creatividad.<\/p>\n","protected":false},"author":1,"featured_media":1098,"parent":0,"menu_order":0,"comment_status":"closed","ping_status":"closed","template":"","meta":{"footnotes":""},"class_list":["post-147","page","type-page","status-publish","has-post-thumbnail","hentry"],"_links":{"self":[{"href":"https:\/\/www.nsa.edu.pe\/beta2\/wp-json\/wp\/v2\/pages\/147","targetHints":{"allow":["GET"]}}],"collection":[{"href":"https:\/\/www.nsa.edu.pe\/beta2\/wp-json\/wp\/v2\/pages"}],"about":[{"href":"https:\/\/www.nsa.edu.pe\/beta2\/wp-json\/wp\/v2\/types\/page"}],"author":[{"embeddable":true,"href":"https:\/\/www.nsa.edu.pe\/beta2\/wp-json\/wp\/v2\/users\/1"}],"replies":[{"embeddable":true,"href":"https:\/\/www.nsa.edu.pe\/beta2\/wp-json\/wp\/v2\/comments?post=147"}],"version-history":[{"count":10,"href":"https:\/\/www.nsa.edu.pe\/beta2\/wp-json\/wp\/v2\/pages\/147\/revisions"}],"predecessor-version":[{"id":1386,"href":"https:\/\/www.nsa.edu.pe\/beta2\/wp-json\/wp\/v2\/pages\/147\/revisions\/1386"}],"wp:featuredmedia":[{"embeddable":true,"href":"https:\/\/www.nsa.edu.pe\/beta2\/wp-json\/wp\/v2\/media\/1098"}],"wp:attachment":[{"href":"https:\/\/www.nsa.edu.pe\/beta2\/wp-json\/wp\/v2\/media?parent=147"}],"curies":[{"name":"wp","href":"https:\/\/api.w.org\/{rel}","templated":true}]}}